se 2*o = 3*m - 14, -m + 2*o - 4 + 2 = 0. Let u be 10*1 + 2/(-8)*4. Suppose u*l - 11*l = -24. What is the greatest common divisor of l and m?
4
Let w(q) = 10*q**2 - 2*q + 4. Let g(u) = -19*u**2 + 5*u - 7. Let j(z) = -3*g(z) - 5*w(z). Let m be j(2). What is the greatest common factor of 76 and m?
19
Let q = -38 + 103. Let p be 7007/q - (-1)/5. Suppose i + 2*i + 4*s - 108 = 0, -3*s = -3*i + p. Calculate the highest common divisor of 90 and i.
18
Suppose 4*r = -4*q + 56, -11*q + 56 = -7*q - 4*r. Calculate the highest common divisor of 266 and q.
14
Suppose -7 - 11 = -h. Suppose -l = -37 - h. Calculate the greatest common factor of l and 5.
5
Suppose 9 = 3*j - 9. Suppose -270 = j*v - 9*v. What is the highest common factor of 10 and v?
10
Let l be ((-2)/(-4))/(12/120). Suppose 4 = -2*d + 3*f, l*d + 10 = 4*f - 2*f. Let y be 6 + (d - -4)/2. Calculate the greatest common divisor of y and 63.
7
Let h = 6 - 4. Suppose 0 = -h*j + 36 + 4. What is the highest common factor of 5 and j?
5
Let u be (-6)/6 - (-1 + -140). Let q = -29 + 43. What is the highest common divisor of q and u?
14
Let s = 1 + -7. Let m(t) = -3*t - 1. Let h be m(s). Let l = -344 + 395. What is the greatest common divisor of h and l?
17
Suppose -5*i - 44 = -3*i. Let u be (0 - (2 - 0))/((-9)/207). Let h = u + i. What is the highest common factor of h and 6?
6
Let m = 2336 - 1360. Calculate the greatest common factor of 16 and m.
16
Suppose -3*v = -2 - 10. Suppose 29 + 3 = v*f. Suppose 8 = z - f. What is the greatest common factor of 160 and z?
16
Let z = -47 + 92. Calculate the greatest common factor of z and 75.
15
Let u = 39 - 28. Let y(p) = 3*p - 3 + 0 - 3. Let v be y(u). Calculate the greatest common divisor of v and 3.
3
Let l = 8 + 25. What is the highest common divisor of l and 33?
33
Let o(i) = -4*i**3 + 5*i**2 + 21*i + 32. Let a be o(-2). Calculate the highest common divisor of 126 and a.
42
Let k = 13757 + -13729. Let h be (-4)/(-10) + (-996)/15. Let y = h - -94. Calculate the greatest common divisor of k and y.
28
Let y be ((-7)/7)/(1/(-37)). Suppose 53 = 3*c - 2*g, y = 3*c + 2*g - 0. What is the highest common divisor of 9 and c?
3
Suppose 1403 + 554 = 103*w. Let z be 1062/7 + (-4)/(-14). Calculate the highest common factor of z and w.
19
Suppose 2*g + 7*m - 93 = 2*m, -2*g - 2*m + 78 = 0. Let q = 35 - g. What is the highest common factor of q and 9?
1
Let t = -80 + 116. Suppose s - 5*s = -t. What is the greatest common factor of 81 and s?
9
Let s be 3/((-6)/20)*-1. Let k(h) = -h**2 + 58*h + 363. Let u be k(61). Calculate the highest common divisor of u and s.
10
Let i = 5 - 4. Suppose c = 8 - i. Let j = -10 + 87. Calculate the greatest common divisor of c and j.
7
Let p be (-6)/(-9)*(-4)/(24/(-9)). What is the greatest common divisor of p and 13?
1
Suppose -84 = 3*j - j. Suppose -a + 3*a - 360 = -4*b, -2*b + 3*a + 180 = 0. Let q = j + b. What is the greatest common divisor of 6 and q?
6
Suppose 5*z - 522 = 458. What is the greatest common divisor of 28 and z?
28
Suppose 107 + 577 = -3*f. Let a be f/(-16) + 3/(-12). Suppose 2*i + 0*i = 2*u - 20, -2*i - 34 = -3*u. Calculate the greatest common factor of u and a.
14
Let g be (32/(-12))/(10/(-465)). Let n = g + -61. What is the highest common divisor of n and 9?
9
Let p = 117 + 9. Let j = p - 66. Let i be 4/14 - ((-306)/7 - -4). Calculate the highest common divisor of j and i.
20
Let p be 9/(126/806) + 4/(-7). What is the highest common divisor of 152 and p?
19
Suppose 7*j - 3*j = -12. Let d = -16 + j. Let u = d + 38. What is the highest common factor of 19 and u?
19
Let p(t) = 3*t**2 - 7*t - 110. Let g be p(11). Calculate the highest common divisor of g and 48.
16
Suppose 3*p - 2*m - 127 = 0, 4*m + 119 = 2*p + 37. Let o = 29 + p. What is the highest common divisor of o and 48?
24
Let x = 189 + -109. Calculate the greatest common factor of 30 and x.
10
Suppose -4*f = 4*v - 500, -v - 2*v = 2*f - 376. What is the greatest common divisor of 9 and v?
9
Let g = 53 - 36. Let p(b) = b + 0 - 3 - 2*b + g. Let y be p(10). What is the greatest common divisor of y and 4?
4
Let d(c) = c**2 - 37*c + 255. Let h be d(8). What is the highest common factor of h and 2323?
23
Suppose 48 = -5*j + w, 3*w = j + w + 15. Let z(p) = -17*p + 7. Let c be z(j). Calculate the highest common divisor of c and 16.
16
Let x(o) = 7*o**2 + 8*o - 7. Let b be x(3). Suppose -b = -u - 3*u. Suppose 4*c = -4, -3*c - 26 = -3*i + 1. Calculate the highest common factor of u and i.
4
Let o(a) be the first derivative of -a**3/3 + 7*a**2 - 9*a + 2. Let d be o(5). Calculate the highest common divisor of d and 12.
12
Suppose -111*k + 6798 - 1359 = 0. Calculate the highest common factor of k and 49.
49
Let p(h) = 2*h**3 + 5*h + 3. Let w be p(4). Let k = 129 + w. What is the greatest common factor of 35 and k?
35
Let k be -1 - (-1)/(1/23). Let r = -132 - -142. Suppose 1408 = 18*y - r*y. What is the highest common divisor of k and y?
22
Let t(b) = 6*b**2 - 5*b + 3. Suppose 4*o - g = 13, -3*o + 4*o - 6 = 3*g. Let c be t(o). Let q = 14 - 8. What is the highest common divisor of q and c?
6
Let x be ((-4)/(-2))/(37/888). What is the greatest common factor of x and 16?
16
Suppose 0 = t + 3*t - 80. Calculate the greatest common divisor of t and 60.
20
Suppose -2*d + 4*o + 114 = 0, -3*o = 5*d + 2*o - 270. What is the highest common factor of 10 and d?
5
Let w = -2 - -37. Suppose -4*h + w + 93 = 0. What is the highest common divisor of h and 96?
32
Let l be (-274)/(-30) + (-2)/15. Suppose m - 47 = -2*k, 68 + l = 3*k - 5*m. Suppose k = 5*n + 4. Calculate the greatest common factor of 8 and n.
4
Let t = 44 + -23. What is the greatest common divisor of 7 and t?
7
Let l = 560 - 552. Suppose -185 = -2*c + 55. What is the highest common divisor of c and l?
8
Suppose 0 = 3*v + 2*u - 72, 4*v - 96 = -0*u - u. Suppose -5*l = 4*w - 130 - 633, 2*w - 4*l - 388 = 0. What is the greatest common divisor of v and w?
24
Suppose 4*l - 160 + 24 = 0. Let w(z) = z**3 - 24*z**2 + 67*z - 16. Let n be w(21). Calculate the highest common divisor of l and n.
34
Let p be (2940/224)/(2/16). Calculate the highest common factor of p and 420.
105
Let h(c) = -8*c + 19. Let b be h(5). Let o = 65 + b. Calculate the highest common factor of 11 and o.
11
Let a be ((-4)/(-14) + 38/14)*1. Suppose 5*o + 9 = 14. What is the highest common divisor of o and a?
1
Suppose -81 = -2*u + 31. Let g be 6*2 - (88/198)/((-4)/(-36)). What is the highest common factor of u and g?
8
Let s = -28 + 26. Let o be (3 - 1) + s/(-2). Suppose -2*r + 5*j + 122 = 36, -r + 41 = -2*j. Calculate the highest common factor of o and r.
3
Let q = -31 + 34. Suppose -4*r = q*j - 80, -5*r - j = 46 - 135. Calculate the highest common divisor of r and 136.
17
Let m be (4/(-10) - 28/(-20)) + -2. Let v be 3095/10 - (1 + m/(-2)). What is the highest common factor of v and 28?
28
Let j(v) = 2*v**3 - 7*v**2 - 2*v. Let k be j(5). Let t = k + -32. What is the greatest common divisor of 3 and t?
3
Let v(n) = 2*n**3 + 11*n**2 + 12*n + 24. Let a be v(-4). Suppose 4*c - h = 1061, -h + 10 = c - 249. Calculate the greatest common factor of c and a.
24
Let o(r) = -r**2 + 18*r - 10. Let s be o(18). Let n(z) = -4*z + 16. Let y be n(s). What is the greatest common divisor of y and 14?
14
Let t be (31*-5 + -3)/((-26)/195). What is the highest common divisor of 15 and t?
15
Let k(r) = -3 - 3 - r - 3*r + 5*r. Let x be k(9). Suppose -2*b + 21 = x*m, -2*m = -5*b + m + 105. What is the greatest common divisor of b and 2?
2
Suppose j = -j + 96. Let v(f) = -9*f + 3. Let u be v(-2). Let w be u - (-7 - (-1 + -3)). What is the highest common divisor of j and w?
24
Let j = -530 + 708. What is the highest common divisor of j and 2?
2
Let m(s) = -6*s - 12. Let d be m(-8). Suppose 0*f + 36 = f. Let n = f + -32. Calculate the greatest common factor of d and n.
4
Suppose 0 = 4*h - 2*u - 116, 3*h - 4*h + 2*u = -32. What is the greatest common factor of 252 and h?
28
Let s(m) = -3*m**3 - 2*m**2 - 7*m - 2. Let q be s(-2). Suppose r + 4*w - 78 = 0, 184 = 2*r - w + q. What is the greatest common divisor of r and 6?
6
Let m(s) = 14*s + 8. Let c be m(8). Let f(z) = 2*z**3 + z**2 + 2*z. Let t be f(2). Suppose t = 2*i - i. Calculate the greatest common factor of i and c.
24
Let v = 37 - 55. Let b be v/(-4